38. Calculate the remainder when k is divided by f.
3
Suppose -106*a - 549 = -111*a + 4*q, -5*q = a - 133. What is the remainder when 449 is divided by a?
110
Let c = -151 - -359. Suppose 5*i - 97 = c. What is the remainder when 181 is divided by i?
59
Calculate the remainder when (-854)/(-366) + (2/(-7) - 3210/(-63)) is divided by 16.
5
Suppose -7*u = -4*h + 36, 0 = 3*h - 5*u + 4*u - 27. What is the remainder when 67 is divided by h?
4
Let n = -464 - -459. Calculate the remainder when 154 is divided by 93/(4 + (-6 - n)).
30
Suppose 0 = -6*c + 31*c - 175. Let d(y) = -4*y + 1. Calculate the remainder when 4*c/((-42)/(-153)) is divided by d(-5).
18
Let j = 3 - -18. What is the remainder when 72 is divided by 185/5 + j/3?
28
What is the remainder when (-63)/6*(-5 + 3) is divided by (-99)/(-6) - 189/126?
6
Let k(n) = 2*n**2 + 39*n + 12 - 29*n - n**2. Let b be k(-8). Let l = 0 - b. What is the remainder when 9 is divided by l?
1
Let m = 952 - 824. Let f be 4 + -2 + (-67)/(-1). Let s = m - f. What is the remainder when s is divided by 10?
9
Suppose -43 - 1 = -22*z. Calculate the remainder when 105 is divided by -12 - 1639/(-33) - z/3.
31
Let o(m) = -3*m + 5. Let g(h) = h**2 - h - 7. Suppose 3*b - 5*r = 13, -4*b = r - 0*r + 21. What is the remainder when o(-13) is divided by g(b)?
5
Let t(p) = -6*p + 15. Let r be t(6). Let h = r + 42. What is the remainder when 104 is divided by h?
20
Let x = 5971 - 5680. What is the remainder when x is divided by 282?
9
Suppose -b - 2*q = b, -q = 4*b - 15. Let n be (81*-2 + -1)*(-2 + b). What is the remainder when 8/12 + n/(-9) is divided by 29?
26
Suppose -14988 = 75*h - 87*h. What is the remainder when h is divided by 57?
52
Let n(u) = -6*u - 96. Calculate the remainder when n(-26) is divided by 6 + (-6)/14*-7.
6
Let u(o) = -785*o - 40. Let a be u(-8). Calculate the remainder when a/180*(-6)/(-4) is divided by 10.
2
Let p(s) = -41*s - 20. Let x be p(-1). Let z(n) = n**3 - 20*n**2 - 24*n + 71. Calculate the remainder when 109 is divided by z(x).
5
Let f(h) = 6*h**2 - 105*h - 41. Calculate the remainder when (-4)/(-4) + 21 + 1 is divided by f(18).
10
Let g(t) = -t**2 - 14*t - 19. What is the remainder when ((-35)/(1995/(-152)))/(4/282) is divided by g(-10)?
20
Let y = 861 + -426. Calculate the remainder when y is divided by 23.
21
What is the remainder when -324*9*15/(-405) is divided by 38?
32
Suppose -10 = 4*u - t - 80, 2*u - 42 = -3*t. Let n be -38*((-150)/(-20) - 8). Suppose -u*r + n*r = 107. What is the remainder when r is divided by 27?
26
Let t(c) = c**2 - 2*c - 3. Let k be t(5). Suppose 6*u - 114 = k*u. Calculate the remainder when u*(-3)/12*8 is divided by 14.
10
Let x = 3430 - 3412. What is the remainder when 5163 is divided by x?
15
Let n = 13606 + -13549. Suppose -v + 3*v = 4*b + 194, 299 = 3*v - 4*b. What is the remainder when v is divided by n?
48
Let t = 15137 - 14799. Calculate the remainder when 1315 is divided by t.
301
Calculate the remainder when 587 is divided by (9 - -195) + (9 - 18).
2
Suppose -2*w = -3*x + 394, -12*w - 16 = -10*w. What is the remainder when x is divided by 7?
0
Let l = -35 - -60. Calculate the remainder when 17/((-119)/(-35)) + 442 is divided by l.
22
Let j(x) = 6*x + 170. Calculate the remainder when j(-14) is divided by 252/10 - 1/5.
11
Suppose -22*v + 30*v = 664. Suppose v = 17*l - 2. Calculate the remainder when 16 is divided by l.
1
Let q = 10 - -14. Let p be q*-4*(-1)/8. Let m = p + 5. Calculate the remainder when 32 is divided by m.
15
Calculate the remainder when ((-5 - -6) + 286)/((-63)/(-441)) is divided by 18.
11
Let l be 42/8 - 6/24. Suppose l*r - 4*r = -a + 124, 118 = a - r. Calculate the remainder when a is divided by 65.
56
Suppose 4*x - 3 = -4*f + 1, -f - 1 = 3*x. Let r(a) = 4*a + 19 - f + 5*a - 13*a. What is the remainder when r(-8) is divided by 17?
15
Suppose -74*j + 1805 = -69*j - q, 0 = 2*j - 3*q - 709. Calculate the remainder when 724 is divided by j.
0
Let v = 586 + -302. Suppose -5*s + v = -s. Calculate the remainder when s is divided by (-6)/(-8) - 9/60*-115.
17
Calculate the remainder when 736 is divided by ((-98)/16 - 625/(-1000))/(3/(-126)).
43
Let l(t) = 36*t**3 - 87*t**2 - 5*t - 6. What is the remainder when l(3) is divided by 35?
28
Let c = 145 - 376. Let d = 288 + c. What is the remainder when 511 is divided by d?
55
Suppose 450 = 4*l + 82. Let p = 25956 - 25932. What is the remainder when l is divided by p?
20
What is the remainder when 733 is divided by (-22 - -23)*(15/5 + 70)?
3
Suppose -3*u + g = -3*g - 1819, 0 = 5*u - g - 2992. What is the remainder when u is divided by 201?
195
Let i(r) = 4*r - 42. Let n(l) = 2*l**2 - 38*l + 11. Let q be n(19). What is the remainder when 29 is divided by i(q)?
1
Let y(l) = 3*l**3 - 46*l**2 - 24*l + 1. Calculate the remainder when y(16) is divided by 120.
9
Let r(f) = -3*f + 5. Let g be r(4). Let o(p) = 4*p - 27. Let q be o(g). Let v = 82 + q. What is the remainder when 99 is divided by v?
18
Let l(x) = -x**2 + 63*x - 191. Calculate the remainder when 496 is divided by l(59).
1
Let w = 63 - 112. Let f = -55 - w. What is the remainder when 152 is divided by 202/4 - (27/f - -4)?
50
Suppose -5*d - 18*d = -9131. Suppose -9*a - d + 1504 = 0. Calculate the remainder when a is divided by 66.
57
Suppose -2*k = -k - 14. Let x(u) = 4*u - 7 + 6*u**2 + 40*u**3 + 0*u - 41*u**3. Calculate the remainder when x(4) is divided by k.
13
Let i(l) = 16*l. Let g(a) = -a**3 - a**2 - a. Let d be g(-1). Calculate the remainder when ((-115)/(-50)*(3 + -7))/((-12)/30) is divided by i(d).
7
Let x be ((-390)/(-13))/(0 + 2). Suppose -13*n - x*n + 728 = 0. What is the remainder when 285 is divided by n?
25
Let b(n) = 20*n**2 - 12*n + 28. Let c be b(8). Suppose -5*s - c = -4*a - 9*s, 20 = -5*s. What is the remainder when a is divided by 14?
13
Suppose 8276 = -8*j + 9*j + 2*y, -3*j + 24842 = -y. What is the remainder when j is divided by 11?
8
Suppose -84*r - 9 = -85*r. Let p = r - -1. Calculate the remainder when 67 is divided by p.
7
Let s = 1617 + -1457. What is the remainder when s is divided by 15?
10
Suppose -4*j + 9*j - 3*h + 106 = 0, j + 2*h = -16. Let w(d) = d**2 + 26*d + 140. Calculate the remainder when 237 is divided by w(j).
17
Let x(j) = 2*j**2 + 6*j - 4. What is the remainder when (372/30)/((-45)/(-225)) is divided by x(-5)?
14
Suppose n - 2955 = 81*b - 84*b, -n + 3942 = 4*b. What is the remainder when b is divided by 480?
27
Let u(k) = k**3 - 2*k - 309. Let b be u(0). Let m = b - -335. Calculate the remainder when (-2635)/(-17) + (-2 - -1) is divided by m.
24
Let p be 4/(-8)*(2 + (-8)/4). Suppose 0*x + 556 = 4*q - x, q + 5*x - 118 = p. Suppose -79*y = -76*y - q. Calculate the remainder when y is divided by 24.
22
Suppose -2*p - 9 = -2*v - 1, -5*p - 20 = 4*v. What is the remainder when 69 is divided by -10*(7 + (-12 - p))?
9
Suppose 0 = -6*u + 3*u - m + 32, 3*m + 25 = 2*u. Suppose p = u*p - 660. Let o = 73 - p. What is the remainder when 67 is divided by o?
4
Let c(q) = 7*q**2 - 3*q + 4. Let g be c(-4). Suppose f + 1 = -33. Let o = g + f. Calculate the remainder when o is divided by 32.
30
Let o = 1930 + -1905. Calculate the remainder when 114 is divided by o.
14
Let v(o) = o**2 - 23*o + 71. Let u be -3*3/(-18) - 180/(-8). What is the remainder when v(u) is divided by 20?
11
Let f = -10 - 20. Let h = f + 69. Calculate the remainder when h is divided by 14.
11
What is the remainder when 1343 is divided by 30/120 - 63*2/(-8)?
15
Let f be ((54/(-4))/9)/((-6)/16). Let j be 2 + ((-60)/(-8))/((-3)/f). Calculate the remainder when 64 is divided by 4/18 - ((-158)/18 + j).
13
Let d(i) = -139*i**3 + i - 1. Let t(m) = -m - 8. Let q be t(-9). Let n be d(q). Let c = -118 - n. Calculate the remainder when 208 is divided by c.
19
Let g(p) = p**2 - 25*p + 106. Let u be ((-62)/(-93))/((-1)/(-30)). Calculate the remainder when 71 is divided by g(u).
5
Suppose -10*n + 201 = -49. Let l = 26 + -22. Suppose 0*r - 296 = -l*r. Calculate the remainder when r is divided by n.
24
Let m = -4293 - -4303. Calculate the remainder when 82 is divided by m.
2
Let b = 39 + -22. Let c(l) = 42*l - 11. Let h(a) = 87*a - 22. Let w(z) = -13*c(z) + 6*h(z). What is the remainder when w(-3) is divided by b?
15
Suppose 0 = 4*y + 2*r + 486 - 1738, 5*y = -3*r + 15